{"id":1353,"date":"2026-03-12T23:28:08","date_gmt":"2026-03-13T02:28:08","guid":{"rendered":"https:\/\/uruamerica.com.uy\/urucomer\/?post_type=product&#038;p=1353"},"modified":"2026-03-12T23:29:56","modified_gmt":"2026-03-13T02:29:56","slug":"guante-cuero-y-tela-no-5-reforzado-secur","status":"publish","type":"product","link":"https:\/\/uruamerica.com.uy\/urucomer\/producto\/guante-cuero-y-tela-no-5-reforzado-secur\/","title":{"rendered":"Guante Cuero Y Tela N\u00ba 5 Reforzado..."},"content":{"rendered":"<p><strong>Guante Cuero Y Tela N\u00ba 5 Reforzado SECUR<\/strong><\/p>\n<p>Caracter\u00edsticas:<\/p>\n<ul>\n<li class=\"p1\"><span class=\"s1\">M\u00e1xima protecci\u00f3n y prestaci\u00f3n para manipulaci\u00f3n de objetos pesados. <\/span><\/li>\n<li class=\"p1\">Alto nivel de protecci\u00f3n contra la abrasi\u00f3n.<\/li>\n<li class=\"p1\">Alto nivel de protecci\u00f3n contra la abrasi\u00f3n y el desgarro.<\/li>\n<li class=\"p1\">Cuero suave y durable.<\/li>\n<li class=\"p1\">Forro interior, para mayor protecci\u00f3n y destreza.<\/li>\n<li class=\"p1\">El\u00e1stico interno para mayor ajuste a la mano.<\/li>\n<li class=\"p1\">Costuras reforzadas.<\/li>\n<\/ul>\n<p class=\"p3\"><span class=\"s2\">Aplicaciones:\u00a0<\/span><\/p>\n<ul>\n<li class=\"p3\"><span class=\"s2\">Industria de la construcci\u00f3n, trabajo en hierro y acero, siderug\u00eda naval, instalaci\u00f3n de tuber\u00edas, <\/span>autom\u00f3vil, refiner\u00edas, carga y descarga, uso agr\u00edcola, uso general.<\/li>\n<\/ul>\n","protected":false},"excerpt":{"rendered":"<p><span style=\"color: #ff6600;\"><strong>Guante Cuero Y Tela N\u00ba 5 Reforzado SECUR<\/strong><\/span><\/p>\n","protected":false},"featured_media":1421,"comment_status":"open","ping_status":"closed","template":"","meta":[],"product_brand":[],"product_cat":[417,455,452],"product_tag":[],"class_list":{"0":"post-1353","1":"product","2":"type-product","3":"status-publish","4":"has-post-thumbnail","6":"product_cat-general","7":"product_cat-guantes-reforzados-secur","8":"product_cat-proteccion-personal","9":"image-hover-transition-effect","11":"first","12":"instock","13":"shipping-taxable","14":"purchasable","15":"product-type-simple"},"_links":{"self":[{"href":"https:\/\/uruamerica.com.uy\/urucomer\/wp-json\/wp\/v2\/product\/1353","targetHints":{"allow":["GET"]}}],"collection":[{"href":"https:\/\/uruamerica.com.uy\/urucomer\/wp-json\/wp\/v2\/product"}],"about":[{"href":"https:\/\/uruamerica.com.uy\/urucomer\/wp-json\/wp\/v2\/types\/product"}],"replies":[{"embeddable":true,"href":"https:\/\/uruamerica.com.uy\/urucomer\/wp-json\/wp\/v2\/comments?post=1353"}],"wp:featuredmedia":[{"embeddable":true,"href":"https:\/\/uruamerica.com.uy\/urucomer\/wp-json\/wp\/v2\/media\/1421"}],"wp:attachment":[{"href":"https:\/\/uruamerica.com.uy\/urucomer\/wp-json\/wp\/v2\/media?parent=1353"}],"wp:term":[{"taxonomy":"product_brand","embeddable":true,"href":"https:\/\/uruamerica.com.uy\/urucomer\/wp-json\/wp\/v2\/product_brand?post=1353"},{"taxonomy":"product_cat","embeddable":true,"href":"https:\/\/uruamerica.com.uy\/urucomer\/wp-json\/wp\/v2\/product_cat?post=1353"},{"taxonomy":"product_tag","embeddable":true,"href":"https:\/\/uruamerica.com.uy\/urucomer\/wp-json\/wp\/v2\/product_tag?post=1353"}],"curies":[{"name":"wp","href":"https:\/\/api.w.org\/{rel}","templated":true}]}}